f 4 and p.
4
Suppose 22*p = 21*p + 12. What is the highest common factor of p and 8?
4
Suppose 0 = -2*m + 2*j - 6*j - 30, m = -3*j - 11. Let f = m - -43. Calculate the greatest common factor of 20 and f.
20
Suppose 29 - 9 = 4*s - 3*l, -14 = -3*s + 2*l. Suppose -o + 276 = s*o. Calculate the greatest common divisor of o and 23.
23
Let k = 0 - -26. Let x = k - 11. Suppose -3 = 4*s - 63. Calculate the highest common divisor of s and x.
15
Suppose -2*q - 630 = -0*r - 4*r, -655 = -4*r - 3*q. Let h be 8/56 - r/(-7). Calculate the greatest common divisor of 92 and h.
23
Suppose -i - 286 = -12*i. What is the greatest common divisor of i and 13?
13
Let o = -34 + 30. Let a be (-5 - (o + 0))*-1. Calculate the highest common factor of 5 and a.
1
Let s be 2*2/(-8)*-414. Calculate the highest common divisor of 23 and s.
23
Let c be -9*(2 + (-11)/3). Let n be c/25 + 154/10. Calculate the greatest common divisor of 32 and n.
16
Suppose -3*n - 3*m + 48 = m, -4*n + m = -64. Suppose 112 = -3*g + 4*g. Calculate the greatest common factor of n and g.
16
Let f be ((-18)/(-8) - 3)*-20. Calculate the greatest common factor of f and 10.
5
Let r be ((-11)/(-2) - 5)*64. Calculate the highest common factor of r and 224.
32
Suppose -3*w = 4*x - 68, w + 5*x = 21 + 9. Suppose 3*z + 5*c = 9 + w, -97 = -4*z + 5*c. Suppose 2*k = -0*k + z. What is the highest common divisor of k and 3?
3
Let i = 1047 - 407. Let z(h) = 7*h**2 - 6. Let m be z(-8). Let k = i - m. What is the highest common divisor of 18 and k?
18
Let y be (-2)/(-7) - (-30)/(-7). Let g be (-2)/(-8) + (-51)/y. Calculate the highest common factor of g and 13.
13
Suppose -4*l + 16 = -2*l. Suppose -3*w + 10 = 2*w. Let m be (w + -4)*(-1 + -3). Calculate the greatest common factor of m and l.
8
Let u(b) = b**3 + 4*b**2 - 6*b. Let s be u(-5). Let x = 2 + s. Suppose 0 = 4*w - x*w + 144. Calculate the greatest common factor of 6 and w.
6
Let i(z) = 4*z**2 - 4*z. Suppose 0*m = 3*m + 9. Let q be i(m). What is the highest common factor of q and 16?
16
Let b(u) = -u**3 + u**2 + u + 2. Let f be b(0). Suppose f*m = 4 + 2. Suppose -m*z + 12 = -33. What is the greatest common factor of z and 5?
5
Let k be -17*2/(-1 - 1). Let o = 26 - k. What is the highest common factor of o and 9?
9
Let o(j) be the first derivative of j**4/2 - 4*j**3/3 + 3*j**2/2 + 3*j - 3. Let h be o(5). Calculate the greatest common divisor of 21 and h.
21
Let v be 6/(-4) - (-1239)/14. What is the greatest common divisor of v and 58?
29
Suppose -p + 11 = -3*s - 1, 0 = -3*s - 12. Suppose -2*h + 28 = -p*h. Calculate the highest common factor of 35 and h.
7
Let h = -246 - 45. Let r = h + 123. Let d = r - -253. Calculate the greatest common divisor of 17 and d.
17
Let o(l) = -2*l - 1. Let y be o(2). Let g = y - -7. Let u be 69 + g + 1 + 3. Calculate the highest common divisor of 30 and u.
15
Suppose 2*z = 65 - 27. What is the greatest common divisor of z and 19?
19
Suppose -4*m + 6 = -2*m. Suppose 3*z - y = 51, 0 = -y - m*y - 12. Suppose 329 + 7 = 3*g. What is the greatest common divisor of g and z?
16
Let r = -11 + 16. Suppose 2*d - 33 = -r. Let z(l) = 4*l**2 - 5*l - 7. Let f be z(7). What is the highest common factor of d and f?
14
Suppose -5*d + 205 = 4*r, 0 = 3*r - d - 48 - 101. Let q = -15 - -25. Let h be 0 + q - 0/(-1). What is the highest common factor of h and r?
10
Suppose m - 68 = -0*m. Suppose -4*j + m = -72. Calculate the highest common divisor of 5 and j.
5
Let b(l) = -l**2 + 7*l + 38. Let z be b(9). Calculate the greatest common factor of 20 and z.
20
Let p be 1 - (-2 - (7 - -1)). Let i be 160/14 - 9/21. Let q(h) = 9*h - 11. Let g be q(i). Calculate the greatest common factor of p and g.
11
Let n = 46 - -74. Calculate the highest common divisor of n and 15.
15
Suppose y - 17 = 61. What is the highest common divisor of 52 and y?
26
Let v = -3 + 8. Calculate the highest common divisor of v and 1.
1
Let b be (-9)/6*112/(-12). Calculate the greatest common factor of 98 and b.
14
Suppose 16*g + 2 - 1154 = 0. What is the greatest common factor of g and 8?
8
Suppose -2 = -2*o + 2. Let g be (o - 3)*-32*1. What is the highest common divisor of g and 48?
16
Let z(n) = -n**3 + 6*n**2 + 2*n + 4. Let k be z(5). Suppose 6*a + 3*f - 71 = a, -5*f = -4*a + 42. Calculate the greatest common divisor of k and a.
13
Let m be 6/(-5)*(-10)/3. Suppose 22 = -2*p + m*p. Calculate the highest common factor of p and 121.
11
Let n(r) = r**2 + r + 1. Let l(p) = -4*p**2 - 9*p - 10. Let f(h) = -l(h) - 3*n(h). Let z be f(-6). What is the greatest common factor of z and 14?
7
Let z be 3/(-18) + (-1982)/(-12). What is the highest common factor of 15 and z?
15
Let m be (-40)/6*(-3)/2. Let i = 135 + -80. Let d = -30 + i. What is the greatest common divisor of d and m?
5
Let a = -101 + 119. What is the highest common divisor of a and 72?
18
Let c(b) = 8*b + 2. Let u be c(3). What is the highest common divisor of u and 39?
13
Let c = -17 + 10. Let i(d) = -2*d - 2. Let l be i(c). Suppose 2*n + 4 = l. What is the greatest common divisor of 24 and n?
4
Let a(b) = b**3 - 6*b**2 + b + 2. Let q be a(6). Suppose 0 = -3*l + 35 - q. Let c = 235 - 136. Calculate the greatest common divisor of c and l.
9
Let d be (4/6)/((-2)/(-60)). Let y(h) = h**3 + 10*h**2 + 13*h + 11. Let l be y(-8). Suppose -l = -i - 5. What is the highest common factor of d and i?
10
Suppose 4*b - m = 92, 2*m - 36 = -b - b. What is the highest common factor of 11 and b?
11
Let j = -303 + 306. Suppose 8 = -5*w + 128. Calculate the highest common factor of j and w.
3
Let j be -1*(1 - 3/3). Suppose -b + 123 - 23 = j. Suppose -4*t = -9*t + b. Calculate the highest common divisor of 30 and t.
10
Let h be -7*(3 + 39/(-7)). Suppose 2*w + 2*m - h = 0, 5*w - 3*w = -3*m + 13. What is the highest common divisor of w and 2?
2
Let p be (-879)/(-4) + 2/8. Let y = 123 - 103. Calculate the greatest common factor of p and y.
20
Suppose -4 + 13 = 3*p. Suppose 4*m + 38 = p*c, -3*c + 5*m + 40 = -0*c. What is the greatest common factor of c and 2?
2
Let j = -7 - -10. Suppose 2*r - 17 = -3*t + 4, 4*r = -j*t + 45. Suppose 0*s = -5*s + d + 239, -s + 52 = 4*d. What is the greatest common factor of r and s?
12
Let a(y) = 2*y**2 - y**3 - 9*y**2 - 2*y + 13 - 5. Let k be a(-7). Calculate the greatest common divisor of 55 and k.
11
Suppose 4*a + 239 = -25. Let x = -6 - a. Suppose -s = -0*s - 5*n - 40, 2*s - 80 = n. What is the highest common factor of x and s?
20
Suppose 0 = -4*i + 4*f + 6 - 18, 0 = -f + 4. Suppose 3*o + i = -5*p - 1, 5*p = -2*o - 8. What is the greatest common factor of o and 60?
6
Let s = -9 + 8. Let g be (s + -17)/((-9)/42). Suppose 0 = -w - 4*j + 4, 0*w - 2*w + 26 = -j. What is the highest common divisor of g and w?
12
Let h be (1 - 0 - 1)/(-1). Let g be (10/4)/(-5)*h. Let b be -2 + g + 2 + 36. What is the greatest common divisor of 6 and b?
6
Suppose 0 = 2*g - 70 + 16. Suppose -l = -4*a + 17, 3*l - 4*l = 2*a - 13. Let z be l/(-5) - 18/(-5). What is the highest common factor of z and g?
3
Suppose 0 = -4*z - 4, 3*z - 16 = 3*h - 100. What is the highest common factor of 54 and h?
27
Suppose 2*r = 4*u + 3 + 49, 3*u + 51 = 2*r. Let z = -14 + 30. What is the greatest common factor of z and r?
8
Let g = -22 + 66. Calculate the greatest common divisor of g and 110.
22
Let y be ((-2 - 1)*1)/(-3). Suppose y + 8 = z. What is the highest common divisor of z and 27?
9
Let a(j) = j**2 - 7*j - 2. Let n be a(4). Let l be (2 - 5)*n/3. What is the highest common divisor of 14 and l?
14
Suppose -3*p + 378 = 5*a, -3*p + 197 + 181 = -5*a. What is the greatest common divisor of 7 and p?
7
Let k(g) = -g**2 - 6*g + 1. Let b = -14 + 24. Suppose 4*r + b = 2*r. Let j be k(r). What is the greatest common factor of 66 and j?
6
Let z = 8 - 9. Let d be 13/z*(4 - 5). Calculate the highest common factor of 117 and d.
13
Suppose 0 = -2*c + 4*b + 536, -2*c + 2*b = b - 530. Suppose 0 = -4*j + 4*u + c, 3*u - 330 = -5*j - u. What is the greatest common factor of j and 6?
6
Let z(p) = p**2 - 3*p - 2. Let r be z(3). Let g(a) = -a**3 + 3*a**2 + 4. Let t be g(3). Let d = t - r. What is the highest common divisor of d and 36?
6
Let k = -133 + 352. Let m be (3 - (2 - -4)) + k. What is the highest common divisor of m and 27?
27
Let j = -67 + 75. Calculate the greatest common di